s the remainder when 236150 is divided by 236118?
32
Calculate the remainder when 17958710 is divided by 841.
837
What is the remainder when 2016358 is divided by 2785?
18
What is the remainder when 1211635 is divided by 1211554?
81
What is the remainder when 309285 is divided by 121?
9
Calculate the remainder when 1016725 is divided by 2131.
238
What is the remainder when 32320271 is divided by 2429?
2426
What is the remainder when 178850042 is divided by 1762?
1756
What is the remainder when 5258729 is divided by 6313?
0
Calculate the remainder when 91170 is divided by 957.
255
Calculate the remainder when 14934 is divided by 76.
38
Calculate the remainder when 3330680 is divided by 5626.
88
Calculate the remainder when 415583689 is divided by 3733.
3731
What is the remainder when 68676 is divided by 1503?
1041
What is the remainder when 8527805 is divided by 18?
17
Calculate the remainder when 171342 is divided by 3725.
3717
What is the remainder when 1572477 is divided by 30?
27
Calculate the remainder when 655472 is divided by 3766.
188
What is the remainder when 104725230 is divided by 678?
672
What is the remainder when 22907466 is divided by 473?
76
What is the remainder when 41758831 is divided by 229?
223
What is the remainder when 238112711 is divided by 8664?
8663
Calculate the remainder when 2284159 is divided by 511.
500
What is the remainder when 21516524 is divided by 582?
566
What is the remainder when 41519738 is divided by 10379933?
6
Calculate the remainder when 1108160 is divided by 4030.
3940
Calculate the remainder when 55794 is divided by 4931.
1553
Calculate the remainder when 542005 is divided by 42.
37
Calculate the remainder when 376567 is divided by 378.
79
What is the remainder when 525180 is divided by 52?
32
Calculate the remainder when 5611447 is divided by 42191.
44
What is the remainder when 42339 is divided by 260?
219
Calculate the remainder when 416899 is divided by 416798.
101
Calculate the remainder when 38542972 is divided by 3423.
3415
Calculate the remainder when 36198 is divided by 4991.
1261
Calculate the remainder when 1689531 is divided by 37.
0
What is the remainder when 442382282 is divided by 36?
26
What is the remainder when 32428367 is divided by 112?
111
What is the remainder when 6158989 is divided by 4624?
4445
What is the remainder when 1851850372 is divided by 3613?
3609
Calculate the remainder when 3856173 is divided by 130.
113
What is the remainder when 875160 is divided by 423?
396
What is the remainder when 70587528 is divided by 21?
18
Calculate the remainder when 459468 is divided by 459457.
11
Calculate the remainder when 12587 is divided by 737.
58
What is the remainder when 777186 is divided by 301?
4
What is the remainder when 1540285 is divided by 1084?
1005
What is the remainder when 13203 is divided by 733?
9
Calculate the remainder when 39065972 is divided by 4340663.
5
Calculate the remainder when 1749357 is divided by 1749339.
18
Calculate the remainder when 559705407 is divided by 110.
107
Calculate the remainder when 1638822 is divided by 71231.
509
What is the remainder when 14379 is divided by 14290?
89
What is the remainder when 2481323 is divided by 59?
19
What is the remainder when 32583 is divided by 1171?
966
What is the remainder when 17757 is divided by 191?
185
Calculate the remainder when 194946 is divided by 103.
70
Calculate the remainder when 57376 is divided by 11474.
6
What is the remainder when 1855365 is divided by 5085?
4425
Calculate the remainder when 435709 is divided by 7134.
535
What is the remainder when 6478098 is divided by 1292?
10
What is the remainder when 4514353 is divided by 22?
19
What is the remainder when 103698 is divided by 103676?
22
Calculate the remainder when 129345122 is divided by 415.
412
Calculate the remainder when 397324 is divided by 1815.
1654
Calculate the remainder when 14980795 is divided by 2140105.
60
Calculate the remainder when 136427 is divided by 16214.
6715
Calculate the remainder when 3745396 is divided by 368.
260
What is the remainder when 222042 is divided by 108430?
5182
Calculate the remainder when 17849726 is divided by 146309.
28
Calculate the remainder when 66807017 is divided by 4175438.
9
Calculate the remainder when 360501506 is divided by 3062.
3060
Calculate the remainder when 9706907 is divided by 465.
32
What is the remainder when 42001 is divided by 17?
11
Calculate the remainder when 1450287 is divided by 55776.
111
What is the remainder when 70429 is divided by 7027?
159
Calculate the remainder when 99541 is divided by 13079.
7988
Calculate the remainder when 929086 is divided by 175.
11
Calculate the remainder when 25232690 is divided by 482.
472
Calculate the remainder when 1261276 is divided by 58.
8
Calculate the remainder when 3227726 is divided by 386.
380
What is the remainder when 43139772 is divided by 113?
101
What is the remainder when 202982 is divided by 200432?
2550
What is the remainder when 647076 is divided by 484?
452
What is the remainder when 3013868 is divided by 27647?
345
What is the remainder when 27872 is divided by 2135?
117
What is the remainder when 39464 is divided by 15415?
8634
What is the remainder when 15954146 is divided by 193?
187
What is the remainder when 315477 is divided by 52369?
1263
What is the remainder when 678727 is divided by 56559?
19
What is the remainder when 13991052 is divided by 100655?
7
Calculate the remainder when 49194516 is divided by 6014.
6010
What is the remainder when 48074 is divided by 827?
108
What is the remainder when 64529 is divided by 64209?
320
Calculate the remainder when 202325 is divided by 334.
255
Calculate the remainder when 48282910 is divided by 348.
346
Calculate the remainder when 1146437 is divided by 147.
131
Calculate the remainder when 1329491 is divided by 69.
68
Calculate the remainder when 133989 is divided by 44652.
33
What is the remainder when 21678171 is divided by 774219?
39
Calculate the remainder when 170178788 is divided by 60.
8
What is the remainder when 915808 is divided by 114385?
728
What is the remainder when 1309381 is divided by 3233?
16
What is the remainder when 1072421 is divided by 1727?
1681
What is the remainder when 66215 is divided by 81?
38
Calculate the remainder when 966395403 is divided by 76.
75
Calculate the remainder when 1263729 is divided by 68.
17
What is the remainder when 1472655 is divided by 282?
51
What is the remainder when 415003 is divided by 102?
67
Calculate the remainder when 42954292 is divided by 529.
21
What is the remainder when 8973097 is divided by 2991014?
55
What is the remainder when 2076820 is divided by 555?
10
What is the remainder when 123112 is divided by 20396?
736
What is the remainder when 1866238 is divided by 866?
8
What is the remainder when 18202996 is divided by 30?
16
Calculate the remainder when 253259849 is divided by 16.
9
What is the remainder when 3049372 is divided by 31764?
28
Calculate the remainder when 12269 is divided by 813.
74
What is the remainder when 461210 is divided by 8869?
22
Calculate the remainder when 2466178 is divided by 17.
5
Calculate the remainder when 23849 is divided by 1202.
1011
What is the remainder when 2413732 is divided by 2557?
2481
What is the remainder when 4451670 is divided by 185?
15
What is the remainder when 129932 is divided by 307?
71
What is the remainder when 5041017 is divided by 175?
142
What is the remainder when 6309543 is divided by 228?
99
What is the remainder when 83437482 is divided by 2722?
16
What is the remainder when 12045661 is divided by 727?
725
Calculate the remainder when 130386 is divided by 4637.
550
Calculate the remainder when 127579 is divided by 4718.
193
What is the remainder when 2964573 is divided by 1482265?
43
What is the remainder when 49496 is divided by 3105?
2921
Calculate the remainder when 47439573 is divided by 554.
553
Calculate the remainder when 4492998 is divided by 99.
81
Calculate the remainder when 745159 is divided by 4462.
5
Calculate the remainder when 880775 is divided by 540.
35
Calculate the remainder when 2881273 is divided by 960414.
31
Calculate the remainder when 26389 is divided by 4080.
1909
What is the remainder when 29268 is divid